 -40 + 14 + 42 + 1 + -2?
15
Calculate (1 - -4) + (-2 - -12) + 1 + 17.
33
What is the value of -156 - (95 - 179) - -76?
4
What is the value of -30 + (-119 - -256 - (-22 + 2))?
127
Evaluate 8 + (-72 - (10 - (1 + -13 + 30))).
-56
-6 + (-10 - (-9 + 7)) - (-6 + 9 + 5)
-22
Evaluate (-20 - (25 - (62 + -14))) + 63.
66
99 - (-105 + 77 - -51)
76
What is (3726 - 3699) + -2 + (2 - 1)?
26
Calculate -108 + 43 - ((1 - 8) + -1 + -4).
-53
Evaluate (6 + -4 - 12) + -71 + 23 + 4 + 0.
-54
What is 3 + (0 - -12) + 30 + (-18 - 32)?
-5
-6 + (-3 - (-20 + 5)) - (-1 - 11 - -32)
-14
Evaluate 1 + -29 + (7 + (11 - 8) - 12).
-30
What is (-84 - -64) + (8 - (0 - -3)) + -6?
-21
76 + -28 + -87 - 4
-43
What is 111 + (69 - 136) - (-2 + 4 + 8)?
34
Evaluate -19 - (-79 + (-34 - -62)).
32
What is the value of (781 - 738) + (5 - 82)?
-34
Calculate -52 + 2 + (10 - (5 + -23)).
-22
What is the value of 1720 + -1674 - (23 - 1)?
24
Evaluate (11 + -23 - -16) + (-24 - -30).
10
What is -2 + 3 + (-70 - (-165 - -108) - (0 - 11))?
-1
What is the value of (61 - (34 - -21)) + -116?
-110
Evaluate -23 + (2 - (23 - 9) - -6).
-29
What is -46 + (1 - 2) - (153 + (-37 - 97))?
-66
What is the value of 13 + 15 + 0 + -1 + (-189 - -163)?
1
What is (20 - 19) + -17 - 10?
-26
Calculate (78 - 54 - 1) + 0 + -22.
1
Calculate 43 - 3 - (27 - (15 + -8 + 8)).
28
Evaluate 10 - ((-146 - -143) + (1 + 5 - -2)).
5
What is the value of 37 - 12 - 18 - (7 + -5 - -93)?
-88
What is the value of (47 - 36) + -6 - (-3 + 0 + -52)?
60
77 - 73 - (-5 + -5 + 2 + 6 + 4)
2
What is the value of 26 + -5 + (-43 - -20 - -24)?
22
Evaluate (59 - (104 + 3)) + 0 + 2 + -2.
-48
What is the value of (22 - (29 + -136)) + -94?
35
-72 + (2 - -8 - -10) + (-4 - 4) - 5
-65
Evaluate 61 - (17 - ((-15 - -17) + -10 - -39)).
75
What is (-4 - -10 - (1 - 0)) + (101 - (9 + 8))?
89
Calculate (2 + -84 - (81 - 93)) + 3 + -15.
-82
13 + (13 - 25) + 47
48
What is the value of 4 + -1 - ((-18 - 31) + 62) - 48?
-58
Calculate -28 + 25 + 0 + -2 + 2 + -6 + 3.
-6
Evaluate -1 - (9 + (-88 - (13 - (0 + 20)))).
71
Calculate (5 + -18 - -36 - 29) + 25.
19
74 - 33 - 49 - -13 - (0 - -45)
-40
-29 + 25 + -2 + 187 + -78
103
What is the value of -2 + -5 + -2 - (-7 - (15 - 14) - 41)?
40
What is -114 + (-46 - -262) + -237?
-135
What is the value of 13 - (2 + (-33 - (20 - 40)))?
24
What is (8 + -4 - (12 + -3)) + 29 + (-4 - -5)?
25
What is the value of (21 - 62) + 51 - (-2 + 17)?
-5
What is the value of (22 - (21 - 57)) + -16 + 0?
42
What is the value of 13 + -25 - ((106 - 103) + 0 + -79)?
64
Calculate -30 + -14 + -4 + 37 - -41.
30
Calculate -1 + 67 + (-928 - -881).
19
1 - (1 + (3 - (13 - 5) - -6))
-1
(-19 - 0) + (4 - -65) + (-311 - -313)
52
What is 55 + -138 + 36 - ((3 - 8) + -3)?
-39
What is the value of 128 + -1 - (-2 + 27 + 29 - 45)?
118
What is -4 - (-9 + 10 + (36 + -3 - (1 + 2)))?
-35
Calculate (6877 - 6875) + (-27 - 2 - -2) + -2.
-27
-6 + 1 - 5 - (6 - 2 - (62 - -14))
62
Evaluate -2 + 15 - 8 - (9 + 0 + 53 + -7).
-50
What is the value of (-232 - -112) + 23 + -7 + 13?
-91
Evaluate 3 + (28 - (-12 + 22)) + -14.
7
67 + 7 + -33 + 6
47
What is 109 + (-58 - 1) + 8 + 2?
60
What is (-3 - -35) + (-15 - (-8 - -6 - 7))?
26
What is the value of (-1 + 7 - 0) + (-34 - -216) + -186?
2
Evaluate (12 - 2 - -4) + -25 + -6.
-17
What is the value of (-99 - -40 - -13) + 31?
-15
What is the value of (2 + (2 - 5) - (-10 - 4)) + 109 + -118?
4
What is the value of -15 + -1 + (-79 - -131) - (5 + -2) - 11?
22
Calculate (-13 - 2) + (543 - 534).
-6
Calculate 65 - (5 + -3 + (-3 - 2)).
68
Calculate 52 + -28 + -36 + -1.
-13
What is the value of 2 - 13 - -17 - (-65 - 3 - (-44 + 33))?
63
What is the value of 5 + -11 + -1 + 2 - -3 - (-158 + 93)?
63
What is the value of (28 - 8 - (16 - -21)) + -8?
-25
Calculate -35 + ((0 - 46) + 38 - (3 + -2)).
-44
What is -57 - (-93 - (81 + -156))?
-39
What is -26 + (8 - -3) - -11 - (-53 + 62)?
-13
What is -19 + -3 + -4 + (-3 - 3)?
-32
Calculate -201 + 198 + (2 - 24).
-25
54 + -21 + -70 + -1
-38
(66 - (23 + 24)) + -10
9
Calculate (-43 - -71 - -25) + (1 - 20).
34
What is (-1851 - -1843 - (-9 - (-2 - -1)) - 35) + -2?
-37
What is 1 + 1 + 30 + -50 + (-14 - -20)?
-12
Evaluate -461 + 475 + -44 + 1.
-29
(-1 - 3) + -2 + (9 + 5 - (-1 - -45))
-36
Evaluate -1 + 1 + 0 + (71 + (-26 - 16) - 60).
-31
What is the value of -60 + (78 - 57) - -150?
111
What is 33 - (21 + (2 - 1) - (-669 + 678))?
20
Calculate -10 - (0 + 3 - -20 - (2 + 23 + -34)).
-42
Evaluate -22 + -1 - (-18681 + 18649).
9
What is the value of (-26 - -6) + (2 + 31 - -24) + (-2 - 3)?
32
Evaluate -5 + (-7 - -27) + (0 - (-8 + 9)) - 10.
4
What is the value of 19 + -1 + -13 + (16 - 10 - 30)?
-19
-124 + (89 - 69) + 99
-5
What is 2 - ((-12 - -7) + 12 + 5) - 2?
-12
What is the value of -25 + 32 - 22 - ((2 - 3) + -10)?
-4
Calculate -65 + 66 + -8 + 11 + 0 + -2 - 64.
-62
What is 110 + -215 - -53 - -18?
-34
Evaluate 18 - (16 + -14) - (132 - (7 - -7)).
-102
What is the value of 2 - (119 + (-24 - -1) + -22)?
-72
Evaluate -37 + 45 + -65 - -33.
-24
What is the value of (-1 - -3) + 45 + -19 + (48 - 55)?
21
What is the value of (15 - (-43 + 26) - 32) + 61?
61
Evaluate (1 + -6 - -1 - -9) + -3 + (4 - 6).
0
Calculate 36 - (81 + -88 - -1).
42
Evaluate -111 + 97 + (-3 - -43 - (9 - 6)).
23
What is the value of (10 - 10) + -18 + 19 + -12 + 1 - 7?
-17
9 + -42 + 11 - -28
6
Evaluate (9 + -30 - (29 + -15)) + 1.
-34
-13 + 27 + 108 + 30 + -17 + (-24 - 2)
109
What is the value of (-18 - -67) + -15 + -48 - 93?
-107
What is 37 - 12 - (-6 + 49) - (1 - 11)?
-8
13 + -46 + 28 + -24 + -28
-57
What is -1 + 14 - (16 - (22 - 22 - 1)) - -58?
54
Evaluate 227 - 228 - (-2 + 1) - (0 + 12).
-12
Calculate -84 + 105 - (52 + (2 - 6)).
-27
(3 - -9) + (70 - 64) + 9
27
What is the value of -18 - 0 - ((-172 - -118) + 71)?
-35
(40 - 34) + (-11 - 9 - 1) + -8
-23
What is 5 - (-42 + 3) - (-22 + 55 + -14)?
25
What is -101 - (66 + 54 - 132)?
-89
Calculate ((4 - (-12 + 3 + 6)) + 10 - -8) + 12.
37
What is the value of (21 - 12) + -18 - ((-10 - -4) + 45)?
-48
Calculate -1245 + 1241 - (0 - -47) - -4.
-47
What is (-23 - 2) + (-23 - ((-2 - 2) + -21)) - 1?
-24
What is -103 - ((58 - 109) + -7)?
-45
What is -34 + 1 + 46 - 55?
-42
Evaluate (47 - ((7 - -20) + -12)) + (0 + 7 - 5).
34
Calculate -13 - ((30 - 35) + 9 + -118 + 4).
97
What is the value of (-1 - 7 - (-21 + 20)) + 16 - (23 - -10)?
-24
What is the value of 0 + (18 - (18 + 40))?
-40
What is 31 + (2 - 3) - (-70 + 47 - -15)?
38
What is the value of (-5 + 3 - 39) + (47 - (151 - 88))?
-57
What is 2 + 30 + -3 + 1253 + -1275?
7
27 + (-10 - (10 + 22 + -41))
26
-16 + 48 + -9 - (-8 - -24)
7
Calculate 8842 + -8863 + (0 - -3).
-18
What is 3 + 12 - (-33 + -8 + -8 + 8)?
56
What is (-732 - -729 - (-1 + -9)) + (-2 - 47)?
-42
What is the value of 41 + (0 + (6 - 18 - -2) - (-6 - 0))?
37
What is the value of (-65 - -442) + -443 - (0 + -27)?
-39
What is the value of (-1 - 62) + (35 - (-30 - (-31 + -23)))?
-52
What is the value of (26 + 2 - 5) + (-115 - -96) + (12 - -4)?
20
What is the value of 3 + -29 + 21 + 46 + -30?
11
Evaluate 8 + -1 - (432 + -480).
55
(1 - 8) + 72 + (-236 - -249 - (-2 + -1))
81
Evaluate -85 + -49 + 101 + (12 - -3).
-18
What is the value of -67 - (-95 + -39 + 104)?
-37
What is 5 + (-38 - 21) + -3 + 2 + -16?
-71
Evaluate -7 + 10 - -9 - (122 - (-5 + 9 - -4)).
-102
What is the value of -126 + 21 + 18 - -91?
4
What is the value of -49 + -30 + 36 + 89?
46
Calculate (198 - 52) + -34 + -5 + 8.
115
Calculate (579 + -87 - 487) + (-50 + (-1 - -2) - -1).
-43
Calculate -20 - (31 + -60 - -68).
-59
What is the value of 18 - (-17 - (-42 - (-11 + -21)))?
25
Calculate -67 + (-30 + 65 - 6) - -50.
12
Evaluate (-3 + 8 - -58) + (-9 - (-6 + -4)).
64
What is (-233 - -245) + 3 + 18?
33
Evaluate -16 + (45 + -57 - (0 + -7) - (-15 - 0)).
-6
90 + -117 - (10 - -1 - 13)
-25
Evaluate -67 + 13 + 23 + -16.
-47
What is -10 + (412 - 142) + -138?
122
What is the value of -40 + -12 + 11 - (-131 - -103)?
-13
What is 43 - (34 + 23 + 11)?
-25
What is the value of (-28 - (2 - 78)) + -25?
23
What is -36 + 16 - (-6 + -1 - (20 + -28))?
-21
Evaluate 3 + (-8 - -5) + -1 + 7 + -8 + -1.
-3
Evaluate 58 + 48 + -85 + 54.
75
Calculate (-3 + -51 - -19) + -7 + (-4 - -9).
-37
What is the value of (-30 + 48 - 27) + 3 + -3 + (20 - -3)?
14
What is (-5 - -1 - -1) + 0 + 84 - (13 + -8)?
76
Calculate 332 + -344 